j**2 + 10*j + 10. What is the tens digit of y(15)?
8
What is the tens digit of 39 - ((3 - 8) + 3)?
4
Suppose -34 = -3*j + 2*j. Let u = j - 11. What is the tens digit of u?
2
Suppose 4*y + y + 3*s - 78 = 0, 0 = -2*s + 2. What is the tens digit of y?
1
Let h be 8 - (2 + -2 - -1). Let p = -5 + h. Let i = -1 + p. What is the units digit of i?
1
Let j(f) = f**3 - 6*f**2 + f - 31. What is the tens digit of j(8)?
0
What is the hundreds digit of 124/(-8)*(36/(-3) - -2)?
1
Let k(t) = 2*t + 2. Let p be (12/10)/((-8)/(-20)). Suppose p*g = -s + 6, g + 12 = -9*s + 4*s. What is the units digit of k(g)?
8
Let s be (-19)/1*-1 + 2. Let i = s + 1. What is the tens digit of i?
2
Let k = 40 - 26. Let t = k - -13. What is the tens digit of t?
2
Let l(q) = -q. Let s be l(-8). What is the tens digit of 86/s - (-1)/4?
1
Suppose 0 = -7*j + 2*j + 15. Let t be -2 + j/3 - 3. Let q(d) = d**3 + 5*d**2 + 2*d - 4. What is the units digit of q(t)?
4
Suppose -3*s + 311 = -5*u, -3*s + u + 303 = -2*u. Let y = s + -66. What is the units digit of y?
1
Let q be (3 + -3 - -18)*2. Suppose k = -k + q. What is the tens digit of k?
1
Let p = 5 + -6. What is the tens digit of 2 + -2 + (-14)/p?
1
Suppose -5*q - 14 = -4*j, 4*q = q + 6. Let x be (j/(-3))/2*0. Suppose -v + x*v = -11. What is the tens digit of v?
1
Let c(j) = -j**2 - j + 41. What is the units digit of c(0)?
1
Let u(l) = -l**3 - l**2 + 3*l + 3. Let j be 0 + 0 + -3 + 5. Suppose 4*v + 17 = s + 4*s, 8 = -j*v + 2*s. What is the units digit of u(v)?
2
Suppose 4*a - 4*k - k = 52, -5*k = 4*a - 12. Suppose 0 = -a*i + 4*i - 5*z + 7, 4*z = -i - 1. Suppose -i*x = -8 - 22. What is the units digit of x?
0
Let q(n) = 8*n - 2. Let z(m) = -12*m + 3. Let r(v) = 7*q(v) + 5*z(v). Let w be r(-6). Suppose 4*b = 5*t - t, 2*b - w = -3*t. What is the units digit of b?
5
What is the units digit of 3 - -95 - 4 - -1*2?
6
Suppose 18*p = 16*p + 56. What is the tens digit of p?
2
Suppose 0 = 3*u - 2*p - 109 + 1, -5*u - 3*p + 161 = 0. What is the units digit of u?
4
Suppose -3*a + 2 = -5*i + 1, 0 = 2*a + 2*i - 6. Suppose -w + 4*w - 5*u - 118 = 0, -a*w - 4*u = -42. What is the units digit of w?
1
Let h be (0 + 9)/3 + 0. Suppose 6*i = h*i + 9. Suppose i*q = q + 12. What is the units digit of q?
6
Let p(y) = 7*y. Let q(i) = 13*i. Let b(g) = -5*p(g) + 3*q(g). What is the tens digit of b(4)?
1
Let v(c) = 7*c**3 - 7*c**2 + 7*c - 3. Let n(i) = -4*i**3 + 3*i**2 - 3*i + 2. Let h(u) = 5*n(u) + 3*v(u). What is the units digit of h(5)?
6
What is the hundreds digit of 133 - 0 - (-4 - -3 - -2)?
1
Suppose 49*u - 44*u = 250. What is the units digit of u?
0
Let q be -2*((-42)/(-2) - 1). Let y = q - -8. What is the units digit of (3*1)/((-12)/y)?
8
Let b(a) = -2*a**3 - 2*a**2 - 2*a. Let r be b(-3). Suppose s + r = 4*s. What is the units digit of s?
4
Suppose -q = -7 + 2. Suppose q*u = u - 4*h, 3*u - 2*h = 0. Suppose u = l - 7 - 1. What is the units digit of l?
8
Suppose -5*s + 8 = -2. Suppose f + 0 = s. Suppose -21 = -f*o + 3*n, 0 = -3*o + 4*o + n - 18. What is the units digit of o?
5
Let m = 52 + -28. Suppose 0*r - m = -2*r. Suppose -2*z + 3*s = -r, 3*s - 6 = -z + s. What is the units digit of z?
6
Let s be (1 - 0)*(-8)/2. Let i be ((-4)/6)/(2/3). What is the units digit of s/((-4)/2) - i?
3
Suppose l = 5, 7*i + 3*l = 2*i - 30. Let w be -19*(-6)/i*-3. Let x = -25 + w. What is the units digit of x?
3
Let o = -16 - -28. Suppose -o = x - 41. What is the units digit of x?
9
What is the tens digit of (-435)/(-10)*5/((-15)/(-6))?
8
Let t(i) = 9*i**2 - 1. Let l be t(-1). Let z(u) = -u**3 - 10*u**2 + 25*u + 16. Let w be z(-12). Suppose 60 = l*p - w*p. What is the units digit of p?
5
Let t = 83 + -50. Suppose y + 3*h = t, -2*y - 3*y = -h - 149. What is the tens digit of y?
3
Let y(l) = 6*l - 4. Let q be 7/(-1) - (0 + -1). Let r be y(q). Let j = -22 - r. What is the tens digit of j?
1
Let r be 6/(-15) - 152/(-5). Let i = -18 + r. Let m(p) = p + 3. What is the units digit of m(i)?
5
Suppose 3*c - 174 = -3*m, -6*m + 252 = -2*m - c. What is the units digit of m?
2
Let b(h) = -h**2 + 12*h - 5. What is the units digit of b(5)?
0
Let r be 3 + -2 + -1 + 138. Suppose -5*d + 17 = -r. What is the units digit of d?
1
What is the tens digit of 4/12 + (-164)/(-12)?
1
Let c be (-1 + 2)/(2/6). Let n(q) = -10*q - 16. Let l be n(-6). Suppose -h - c*h = -l. What is the tens digit of h?
1
Let v = 188 - 108. What is the units digit of v?
0
Let n = -5 - -7. Suppose 2*d + i = -n*d + 2, 8 = 4*d + 4*i. Suppose 5*u - 3 - 2 = d. What is the units digit of u?
1
Let d = -3 + 4. Suppose -z + 13 = -d. What is the tens digit of z?
1
Let h = -4 + 30. What is the units digit of h?
6
Suppose w = 3*g + 22, 0 = -5*w - 4*g + 10 + 5. What is the units digit of w?
7
Suppose 0 = 5*x - 2*h + 3, 0 = -5*h - 2 - 3. Let l be ((-5)/3)/(x/(-6)). What is the units digit of (l/4)/(1/(-6))?
5
Suppose o = 2*x + 37, 0*o = -2*o - x + 84. Let a = o + -15. What is the tens digit of a?
2
What is the tens digit of ((-4)/(-3))/((-2)/(-33))?
2
Let h(x) = -x**2 + 12*x + 4. Let g be (-2 - -4)*(-4)/(-2). What is the units digit of h(g)?
6
What is the units digit of (-1)/(-3) + (-330)/(-9)?
7
Let r(f) = -f**3 - 7*f**2 + 7. Suppose -4*k - 3 = 1. Let p = -8 - k. What is the units digit of r(p)?
7
Let w = 117 - 58. What is the units digit of w?
9
Let x(y) = 4 - y + y**2 - 3 - 1. What is the units digit of x(-1)?
2
Suppose -5*v + 25 = 0, 5 = -5*r - 2*v - 0*v. Let u = 0 - r. Suppose u*w + 4*l + 5 = -6, -5*l - 13 = 4*w. What is the units digit of w?
3
Let b = 21 - 13. What is the units digit of b?
8
Let q(m) = m**2 - 11*m + 55. What is the units digit of q(9)?
7
Let r(d) = -d**2 + 4*d + 4. Let x be r(4). Let t = 17 - x. What is the tens digit of t?
1
Let d = 29 - -47. What is the tens digit of d?
7
Suppose -3*d + 54 = -0*d. Let b(o) = 20*o + 1. Let q be b(1). Suppose d = g - 3*c, -3*g + q = c + c. What is the units digit of g?
9
Let u = 115 + -82. Let b be 47 + (-1*2 - -2). Suppose 5*q - u = b. What is the units digit of q?
6
Let j = -13 - -20. What is the units digit of -1 - ((3 - j) + -1)?
4
Let r(b) = -b**3 - 2*b + b**2 + 4 - 2*b**2 + b + 8*b**2. Let l be r(7). What is the units digit of (-2)/(-2) - 45/l?
6
Let o(d) = d**3 - 4*d**2 + 2*d - 2. Suppose 2*k - 4*t = 4, 4*k - 5*t = k + 7. What is the units digit of o(k)?
6
Suppose -2*k + 21 - 60 = 5*i, 0 = k - 5*i - 3. What is the units digit of (-2)/(k/(-15))*-4?
0
Suppose -4*a = -0 - 8. Let l(i) = -4*i - 14*i + a*i. What is the units digit of l(-1)?
6
Let k = 25 - 5. What is the tens digit of k?
2
Let s(r) = 34*r**2 - 2*r + 7. What is the units digit of s(-3)?
9
Let k = 85 - 15. Suppose -k = -0*y - 5*y. What is the tens digit of y?
1
What is the units digit of -2 - (-27 - 1/1)?
6
Let j(w) be the first derivative of -2 + 1/2*w**2 - 3*w. What is the units digit of j(6)?
3
Suppose 79 = 7*q - 26. What is the tens digit of q?
1
Suppose -3*o - x = -29, 4*o - 5*x - 10 = -3. What is the tens digit of (-3)/12 + 90/o?
1
Suppose -86 = -2*y + y. Suppose h - y = -h. What is the units digit of h?
3
What is the tens digit of 30/45 + 271/3?
9
Suppose 0*s - 8*s = -48. What is the units digit of s?
6
Let l = 13 - 10. Let f(m) = m**3 - 4*m**2 + 3*m + 2. Let o be f(l). Suppose -o*z - 8 = -3*z. What is the units digit of z?
8
Suppose -2*j + 76 = 6*o - 2*o, 0 = 5*o - 5*j - 95. Let g = -7 + o. What is the units digit of g?
2
Let z(o) = o**3 + 3*o**2 + o + 3. Let d be z(-3). Let j be d*-1*(-2)/(-6). What is the units digit of 5 + -2 + j - 2?
1
Suppose -5*z = 30 - 10. Let u = -4 - z. Suppose -4*r = 2*i + 2*i - 20, u = 3*i + 5*r - 5. What is the tens digit of i?
1
Suppose 21 = 2*t - 5*j, 3*t - 5*j - 40 = -16. Suppose c - 5*m + 17 + 5 = 0, t*c + 16 = 5*m. What is the units digit of (-21)/2*(-2)/c?
7
Let b(g) = 2*g + 5. Let p(u) = u + 0 + 5 - 2. Let a(q) = 2*b(q) - 5*p(q). What is the units digit of a(-6)?
1
Suppose -362 = -5*k + 3*i, -4*k + 6*i + 289 = 3*i. What is the tens digit of k?
7
Let l(i) = i**2 - i - 12. What is the units digit of l(10)?
8
Let g = -38 + 3. Let j = g + 23. What is the tens digit of (j - (0 + -1))/(-1)?
1
Let z be 1/4 + (-174)/24. Let w = z + 29. What is the tens digit of w?
2
Suppose -4*r = -2*r - 32. What is the tens digit of r?
1
Let j = -69 - -116. What is the tens digit of j?
4
Suppose -c + 70 